
3
Let q(m) = m**3 + 3*m**2 - 4*m. Let s = -19 + 15. What is q(s)?
0
Let w(q) = -2*q**2 + 5*q + 4 - q**3 - 5*q + 5*q. Let g = 24 - 34. Let o be g/4*18/15. Calculate w(o).
-2
Let u be -1 + -2 + 2 + 1. Suppose u = 3*z + 3 - 6, -2*v - 2*z + 8 = 0. Let b(f) = -3*f + 3. Calculate b(v).
-6
Let i(l) = l + 1. Let w(v) = -v**3 - 7*v**2 - 4*v - 6. Let s(t) = 2*i(t) - w(t). Let f(z) = z**3 - 5*z**2 + 3*z - 2. Let r be f(4). Calculate s(r).
8
Let m(b) = -b**3 + 12*b**2 + 13*b - 2. Let y be m(13). Let o(s) = 8*s + 2. Determine o(y).
-14
Suppose -2*m - 2*g = -5*m + 28, -g - 29 = -4*m. Let a(x) be the second derivative of x**4/12 - 2*x**3/3 - 4*x**2 + 2*x. Determine a(m).
4
Suppose q + 0*q = 5. Suppose -5*d - 4*a + 16 = 0, 5*d + 5*a - q = 10. Let g(b) be the first derivative of b**4/4 - 5*b**3/3 + 3*b**2 - 5*b - 19. Calculate g(d).
3
Suppose 0 = 3*v - 24 + 6. Let a(x) = -5*x**2 - 2*x**3 - 2*x + 3*x**3 - 5 - 2*x. Calculate a(v).
7
Let w(u) = -5*u**3 + u**2 + u + 1. Let j(n) = -n + 2. Let o(l) = -l**3 + 4*l**2 + 4. Let h be o(4). Let s = h - 1. Let i be j(s). Determine w(i).
6
Let v(o) = -3*o**2 + 17*o + 21. Let f(s) = s**2 - 6*s - 7. Let t(g) = -17*f(g) - 6*v(g). Give t(0).
-7
Let l(j) be the first derivative of 4*j**3/3 + j**2/2 - j - 21. Give l(1).
4
Let m(i) = 4*i - 2*i + i - 2*i. Give m(-1).
-1
Let v(a) = 2 + 0 - 2*a - 8*a**3 + 0 - 2*a**2 + 9*a**3. What is v(3)?
5
Let q(u) = -u**2 + 2*u + 8. Let o be q(4). Let f(n) = n**3 - n**2 + 5. Determine f(o).
5
Suppose 3*h = -v - 3*v + 7, -2 = 2*h + 4*v. Let n(j) = -j**3 + 9*j**2 - 13. What is n(h)?
-13
Let j(t) = t**2 - 8*t - 2. Let v be 1/((-1)/(-3)) - -2. Calculate j(v).
-17
Let b(p) = -5*p + 1 - 6*p + 10*p - p. What is b(2)?
-3
Let y(u) be the first derivative of -u**4/4 - 3*u**3 + u**2/2 + 5*u + 30. Determine y(-9).
-4
Let o(d) be the first derivative of -d**3/3 - d**2 - 2*d - 1. Suppose -3*v - 18 = -0*v. Let l = -8 - v. Give o(l).
-2
Let t(c) = 5*c**3 + 7*c**2 - c + 7. Let n(h) be the first derivative of h**4 + 2*h**3 - h**2/2 + 6*h + 7. Let s(j) = -6*n(j) + 5*t(j). Determine s(1).
0
Let q(d) = -2*d + 1. Let p(g) = -g**2 + 4*g - 2. Let a(x) = -4*p(x) - 9*q(x). Give a(1).
5
Let r(b) be the first derivative of b**3/3 - 3*b**2/2 + 2*b - 26. Calculate r(2).
0
Suppose 5*y + 25 = -5*a, -2*a - 4*y + 2 = -6*y. Let i(h) = 7*h - 3. Let d(j) = -6*j + 2. Let s(z) = 5*d(z) + 4*i(z). Give s(a).
2
Let h(t) be the third derivative of -1/2*t**3 - 1/24*t**4 - 1/120*t**6 + 1/60*t**5 + 0*t + 0 - t**2. Calculate h(0).
-3
Suppose 2*y - 1 = 3. Suppose 3 = y*b - 3. Let l(m) = 3*m**2 + 3*m**2 - 5*m + 4 - 7*m**2 + m**3. What is l(b)?
7
Let r(v) = -v**2 - 5*v - 6. Suppose 3*f - 4*f = 4. Calculate r(f).
-2
Let g(u) = u**2 - 5*u + 6. Let r be g(5). Let c(b) = -b**2 + 8*b - 7. Let y be c(r). Let n(o) = o**3 - 5*o**2. Give n(y).
0
Let y(n) = -3*n**3 - 6*n**2 + 9*n - 4. Let t(a) = -a**3 + a - 1. Let v(i) = 4*t(i) - y(i). Suppose r - 12 = -r. Let z be (-3 - -4)*(-1 + r). Determine v(z).
0
Let h(k) = -6*k**3 + 2*k**2 - k. Suppose -j + 0*j - 16 = -4*n, -3*j = -4*n + 16. Suppose 6 = n*s + 2. Give h(s).
-5
Let p(c) be the first derivative of -c**3/3 + 5*c**2/2 - 2*c - 5. Determine p(5).
-2
Let z be 1 + 16/12*3. Let s(x) = -x**3 - 5 - 2*x + 3*x + 4*x**2 + x**2. Determine s(z).
0
Suppose -4*r + 12 + 0 = 0. Let x(h) = -1. Let c(w) = -4*w - 4. Let z(i) = c(i) - 4*x(i). Calculate z(r).
-12
Suppose -4*n - 35 = -51. Let q(o) = 2*o**2 - 3*o - 3. What is q(n)?
17
Let f(r) = 4*r - 4*r + 6 - 4*r + 3*r**2. Let i(g) = -2*g**2 + 4*g - 5. Let t(y) = 4*f(y) + 5*i(y). Calculate t(-3).
5
Let o be ((-4)/(-6))/(4/6). Let a(l) be the third derivative of -1/12*l**4 + 0 + 0*l - 2*l**2 + 0*l**3. Determine a(o).
-2
Let u(y) = 2*y**2 - 2*y**2 + 2*y**2 - 1. Suppose 4*g + 2*j - 4 = -j, -4*g - 5*j + 12 = 0. Calculate u(g).
7
Let o(q) = -q**3 + 3*q**2 + 4*q - 5. Suppose 4*w - 28 = -3*w. Calculate o(w).
-5
Let n(l) = -l**2 - 4*l - 2. Let u(b) = -b + 8. Let q be u(4). Let i = -6 + 11. Suppose -q*z = 4*w + 17 - i, 6 = -2*z - w. What is n(z)?
1
Let h(s) = -s**2 - 5*s + 8. Let d be h(-7). Let z = d + 9. Let b(a) = a**2 - 2*a - 4 + z*a + 0*a**2. Give b(0).
-4
Let b(a) = 4*a**3 - 1 - 206*a + 206*a - 5*a**3 - a**2. Determine b(0).
-1
Let k(t) be the third derivative of t**5/60 + t**4/12 - t**3/2 - 4*t**2. What is k(-4)?
5
Let w(d) = -4 - 2 - 4*d + 3 - d**2. Suppose p = -1 + 2. Let o be (-3)/(p - 4)*-2. What is w(o)?
1
Let c be 4/6 - (-85)/(-15). Let b(x) = x + 6. What is b(c)?
1
Let z(i) = -i**2 - 4*i + 5. Suppose 4*b + 25 = 5*f + 5*b, -3*f = -3*b - 15. Suppose -25 = -0*h + f*h. What is z(h)?
0
Let k(r) = 23*r**3 + 9*r**2 - 2*r. Let p(i) = 11*i**3 + 4*i**2 - i. Let c(d) = 2*k(d) - 5*p(d). Determine c(1).
-10
Let v(r) = 2*r + 16. Let m be v(-11). Let w(q) = q + 6. Calculate w(m).
0
Let c(r) be the second derivative of r**3/3 - r**2/2 + 3*r. Determine c(1).
1
Let t(m) be the second derivative of 0 - 6*m + 1/2*m**3 + 5/2*m**2. Calculate t(-5).
-10
Let q(r) = 3*r**3 - r**2 - 5*r + 2. Let d(w) = w**3 - w. Let m(o) = 4*d(o) - q(o). What is m(-2)?
-8
Let g(z) = -z**2 + 2*z + 3. Let d be g(0). Let q(o) = o - 4. Give q(d).
-1
Let n(d) be the second derivative of 5/12*d**4 + 1/20*d**5 + 6*d + d**2 + 0 + 1/6*d**3. Let k = 1 + -6. What is n(k)?
-3
Let u(f) = 2*f - 4. Suppose 2*x - 35 = -x - 4*y, -5 = -y. Let o = x + 0. Let p(q) = 3*q - 5. Let a(c) = o*p(c) - 6*u(c). Calculate a(-1).
-4
Let t(q) = 5*q + 19. Let w(x) = -x - 1. Let v(g) = t(g) + 6*w(g). Determine v(0).
13
Let g(i) = -i**3 + i**2 + 3*i + 1. Let o(z) = -3*z**3 + 9*z**2. Let k(x) = 2*g(x) - o(x). Let q = 6 + 0. Give k(q).
2
Suppose 5*p = p. Suppose 0*o + 5*o = p. Let a(c) = -c**3 + c - 5. What is a(o)?
-5
Let g(w) = w + 1. Let i(q) be the first derivative of 2*q**2 + q + 3. Let b be i(1). Let o be 72/15 - (-1)/b. What is g(o)?
6
Suppose -5*j + 3*k = -30, 5*j - 4*k = -2*k + 30. Let p(v) = -v**2 + 9*v - 6. Calculate p(j).
12
Let z(x) = x**3 - 4*x**2 + x - 2. Suppose 28 = 5*n - 4*j, -j = -5*n + 18 + 4. Suppose n*t + 16 = -0*t. Let g be 42/11 - t/22. What is z(g)?
2
Let p(l) be the second derivative of -l**4/12 - l**3 - l**2/2 - 12*l. Suppose 2*h + 2*c + 0 = -6, 14 = -4*h - 3*c. What is p(h)?
4
Let r(o) = -o**3 + o + 6. Let v be r(0). Let k(h) = -h - 2. Calculate k(v).
-8
Let d be (-4 + 2 - -20) + 2. Let q be (-56)/(-6) - d/(-30). Suppose 4*m = -m + q. Let y(g) = g**2 - 1. Give y(m).
3
Let v(l) = -l**3 + 6*l**2 + 4*l - 2. Let u = 51 + -45. What is v(u)?
22
Let p be 3/5 - (3 + (-148)/20). Let h(g) = -g**3 + 4*g**2 - g + 7. Calculate h(p).
-23
Let v(s) = -s**2 - 4*s - 2. Let r = 2 - -18. Suppose -3*f + k = -2 + 7, -5*k = r. Calculate v(f).
1
Let g(b) = b**3 - 3 + 6*b - 7*b**2 + 0*b**3 + 2*b**2. Let j be 3 - -1 - (-2 + 1). Suppose -j*d = -0*d - 20. Calculate g(d).
5
Let r(g) = -g**2 + 5*g + 1. Let m be (2 - (-5)/1)/1. Let o = -1 + m. Calculate r(o).
-5
Let s(v) = 4*v**2 - 3*v + 1. Let l(m) = 5*m**2 - 2*m + 1. Let i(g) = -2*g**2 - 4*g + 1. Let b be i(-3). Let d(y) = b*l(y) + 6*s(y). Determine d(-6).
13
Let d = -19 - -16. Let s(t) = -t**2 - 6*t + 4. Give s(d).
13
Let d = 1 + 0. Suppose 2*k - 4*i - 8 = -i, -12 = -3*k - 3*i. Let z(o) = -2*o + 2*o + o - k*o**2. Give z(d).
-3
Let w(a) = a**3 - 9*a**2 + 7*a + 11. Suppose 3*g = -g + 32. What is w(g)?
3
Let s(u) = -u**3 - 6*u**2 - 3*u + 3. Let c(h) = -h**3 - 6*h**2 - 3*h + 4. Let j(a) = 3*c(a) - 2*s(a). Calculate j(-5).
-4
Let g(a) = -7*a**2 - a. Let l be g(-1). Let v(w) = w**3 + 7*w**2 + 10*w + 7. Determine v(l).
-17
Let i(z) = -z**2 + 5*z + 8. Let p be i(6). Let m(l) = l**3 + p + l**2 - 2 + 3 - l. Give m(-3).
-12
Suppose 2*g + 5*a + 6 = 0, -4 = 2*g + 5*a - a. Suppose -2*h - 2*q = -10, -5*h - 4*q + 2*q + 22 = 0. Let b(k) = 0*k + 3 - h - g*k - k**2. Give b(-4).
-9
Suppose w = -5 + 8. Let k(f) be the second derivative of -f**3/6 + f**2/2 - f. Give k(w).
-2
Let m(y) = -226*y - 3 - 2 - y**3 + 223*y + 5*y**2. What is m(5)?
-20
Let l(t) = -2*t**3 + 4*t**3 + 0*t**2 - t**3 - 7 + t**2. What is l(0)?
-7
Let o = 5 - 5. Let x(r) = 4*r + 1. Let s be x(2). Suppose -p + 3*a - 14 = o, 0 = 3*a - s - 6. Let t(k) = -5*k + 1. Calculate t(p).
-4
Let w(h) = 11*h + 1. Let v be -2*(6/(-4) + 0). Suppose 0 = -v*t + t - 2. Calculate w(t).
-10
Let a(i) = i**3 - 6*i**2 + i. Let k(q) = -5*q**2 - 2. Let h be k(2). Let w = h